ite number?
False
Let x(j) = 9*j**2 - 7*j + 5. Let r be x(-9). Suppose -s - 3*h = 2*h - r, 3*h - 2427 = -3*s. Let y = s - 457. Is y composite?
True
Let f(l) = l**2 + 2*l + 462. Let q be f(0). Let w = q - 2. Suppose -p = -5*p + w. Is p a prime number?
False
Let c be 1/(-6) + 38/12. Suppose c*h = 93 - 420. Let z = -30 - h. Is z a composite number?
False
Let o(w) = -5*w + 8*w + 4*w - 2. Suppose 5 = 5*r, -4*a - r + 25 = 4*r. Is o(a) a composite number?
True
Let z = 15 - 8. Suppose 3*p = z*p - 2540. Is p prime?
False
Let a = -5 + 3. Let k be 0 + 581 + -3 - a. Let g = 1423 + k. Is g composite?
False
Let o = 688 - -18055. Is o a composite number?
False
Let o = -427 + 1124. Is o composite?
True
Let n(c) = -70*c**3 + 9*c**2 - 6*c - 20. Let k be n(-8). Suppose -24*z + 12*z = -k. Is z a composite number?
False
Suppose -3*g + 47499 = -4986. Is g prime?
False
Suppose 45 = -2*x - p, -2*x - 3*p - 27 = -8*p. Let b(q) = q**3 + 21*q**2 - 3*q + 70. Is b(x) composite?
True
Let w(s) = -s**2 + 7*s + 5. Let f be w(7). Suppose -f*g + j = -4746, -4081 = -4*g - 3*j - 288. Is g a composite number?
True
Let a = 1020 + 2017. Is a prime?
True
Let b be -214*(-2)/5*10/8. Let f = 210 + b. Is f a prime number?
True
Let f(n) = 16*n**2 + 21*n - 24. Let h be f(24). Suppose -h = -17*b + 10483. Is b a prime number?
True
Suppose -2*q = 6, -19 = -2*z + 5*q - 0*q. Suppose -z*t + 222 = -44. Is t prime?
False
Let n(m) = -m**3 + 5*m**2 + 6*m + 6. Let r be n(6). Let b = 401 + r. Is b a prime number?
False
Let s(n) = -767*n + 5. Let j(m) = -765*m + 4. Let g(l) = 3*j(l) - 2*s(l). Let y(v) = -v**2 + 3*v - 1. Let h be y(3). Is g(h) composite?
True
Suppose 0 = 5*j + 4*o - 23, 2*j - 12 = -5*o + 2*o. Suppose -6128 = -j*r + 5*w, -w + 5 = -0. Is r a composite number?
True
Let y = -2633 + 1650. Let z = y - -2518. Is z a composite number?
True
Suppose -5*c + 7 = -2*j - 5, -5*j + 16 = -c. Let s be 101 - c/(3 - -1). Suppose -3*t = a - 98, -3*t = -a - 0*a - s. Is t composite?
True
Suppose 0 = -16*g - 0*g + 19408. Is g a prime number?
True
Suppose 0 = 68*f - 9*f - 1679317. Is f a prime number?
True
Let f = 14 - 12. Suppose -f*c - 3*y - 1 = 1, 4*c - 5*y = -48. Let g = c - -40. Is g a composite number?
True
Let m(c) = 3 + 6 + 137*c - 151*c. Is m(-5) a composite number?
False
Suppose -4*i + i - 2142 = -5*f, -2*f - 4*i + 862 = 0. Let d = f - 244. Is d prime?
False
Let n(q) = 17*q**2 - 2*q - 4. Let x be n(5). Suppose 0 = d - 6*m + 2*m - x, 411 = d - 3*m. Is d composite?
True
Let v = 11465 + -1816. Is v composite?
False
Let f(k) = -k**3 + 14*k**2 - 28*k - 1. Is f(10) composite?
True
Let t(w) = 61*w**3 - w**2 + 2. Let c be t(2). Suppose 142 = -8*i + c. Is i a prime number?
True
Suppose s + 3*x + 3 = -2*x, 0 = 5*s - 2*x - 39. Suppose 0*d + s*d - 2611 = 0. Is d a composite number?
False
Let q(u) = -111*u + 4. Let p be q(7). Let g be -7 + 3 - (-2 + p). Suppose 3*h + 480 = 3*v - 306, 2*h - g = -3*v. Is v a composite number?
True
Suppose 8 = -2*y + o - 3, -o = -y - 6. Let l(d) be the third derivative of d**5/10 - d**4/4 - d**3/3 + d**2. Is l(y) a composite number?
True
Let p = 3119 - 2194. Suppose -6*u + p = -u. Suppose 0*k + u = k. Is k prime?
False
Suppose 12*g - 8*g = 4. Let j(m) = 1693*m**2 + m - 1. Is j(g) composite?
False
Let c(a) = 1216*a**3 - 2*a + 1. Let u be c(1). Suppose 709 = 4*x - u. Suppose b = -4*g + x, g - b - 127 = b. Is g prime?
False
Let a be (3 - 4) + -2 - -10. Suppose 2*f - i = 610, -f + 327 = a*i - 2*i. Is f a prime number?
True
Let s(u) = 4*u + 6. Let x be s(-8). Let n be (-18)/(-12) - x/(-4). Is (-36)/60 + (-958)/n a composite number?
False
Suppose t = -3*u + 2857, 4*t - 2*t - u - 5707 = 0. Let x = t + -1275. Is x a composite number?
False
Let u = 1077 - 736. Is u composite?
True
Let x = 131 + -137. Let d(h) = -5*h**2 - 3*h + 5. Let c(t) = t**2 + t. Let s(z) = -c(z) - d(z). Is s(x) a composite number?
False
Suppose -3*x = 4*i + 29, -3*x - 4*i + 46 = -5*x. Let b be ((-144)/x)/((-2)/40). Let n = b - -347. Is n a composite number?
True
Let j(o) = o - 9. Let s be j(12). Suppose -71 = h - 3*x, s*x + 404 = -5*h - 5. Is h/(-6) - 16/(-24) a prime number?
False
Suppose 68*f = 30*f + 181754. Is f composite?
False
Let z(d) = d**2 + 10*d + 4. Let i be z(-10). Suppose i*y + 125 = 345. Is y a composite number?
True
Suppose -45*c + 41*c + 7204 = 0. Is c prime?
True
Let s = 2123 - 840. Is s prime?
True
Let r = 46 - 55. Let u(w) = -w**3 + w**2 - 7*w - 2. Is u(r) composite?
True
Is 2/8 + 49535/20 a prime number?
True
Suppose 2*f - 8 = 0, -5*h + 3*h - 864 = 5*f. Let a = h - -795. Is a a composite number?
False
Let t be (-34)/(-5) + (-32)/40. Suppose t*b - 819 + 15 = 0. Let x = 15 + b. Is x a composite number?
False
Suppose 3*t - 8645 = -w + 5463, -t + 4681 = -4*w. Is t a prime number?
False
Suppose 29198 = 5*h - 52857. Is h composite?
False
Let v(b) = -b**2 + 6*b + 6. Let j be v(5). Let y(g) = -6*g**2 + 7*g + 4. Let z(d) = 7*d**2 - 8*d - 4. Let h(a) = -5*y(a) - 4*z(a). Is h(j) a prime number?
False
Let n = 1647 + 9368. Is n a prime number?
False
Let v be 9/((-2)/(-406) - 0). Suppose -4*r - n - 4516 = 2*n, 4*r = 4*n - 4488. Let l = r + v. Is l a prime number?
True
Let g(r) = -5*r - 28. Let z be g(-7). Let q(t) = 135*t + 32. Is q(z) composite?
False
Let x = -5 - -5. Suppose x*z - a = -5*z + 112, z - 26 = -a. Suppose 2*d - 153 = -3*h, h - 23 = d + z. Is h composite?
True
Suppose 617 + 3695 = 14*t. Let x = 601 - t. Is x composite?
False
Let f = -69 - -51. Is (f/33)/3 + 33026/22 composite?
True
Suppose -2862 = -6*q + 8*q. Let o = -446 - q. Is o a prime number?
False
Let z(j) = -5600*j + 269. Is z(-4) composite?
False
Suppose 19*p = -2*p + 28581. Is p prime?
True
Let i be -6 + (0 - -3) - -8. Suppose -i*j + 2*o + 2*o + 20 = 0, 2*j - 15 = 3*o. Suppose j = -y + 4*w + 63 + 260, -3*y + 5*w = -941. Is y composite?
False
Suppose -4*t + 32 = 4*c, -17 = 4*t - c - 74. Is t a prime number?
True
Suppose g = -2, -2*c - 3*g = c. Let u(l) = 26*l**2 + 2*l + 1. Let r be u(c). Suppose 5*b = -d + 129, 4*b + r + 56 = d. Is d a composite number?
False
Suppose -5*l + 4*x + 11 + 3 = 0, -2*x - 4 = -l. Suppose l*a - 351 = 119. Is a a composite number?
True
Suppose 3*y - 2*y = 2*b - 1, b - 3 = 0. Suppose 5*z - 4*o = 4 + 22, y*o = -20. Let h = 20 + z. Is h a prime number?
False
Let m be 5/(-30) - (-871)/6. Let i = 243 - m. Suppose t - 21 - i = 0. Is t a composite number?
True
Let t be 172088/36 + 4/(-18). Suppose t = -6*b + b. Let u = -325 - b. Is u a prime number?
True
Suppose -4*j - 4 = -0*j. Let x(c) = -25*c + 0 - 129*c - 1 - 8*c. Is x(j) a prime number?
False
Suppose 20*v = 17*v - 5*u + 239911, 0 = 3*v - u - 239899. Is v composite?
False
Let w be 1/(1/(-2) + 1). Let z be 1590/(-90)*(-2 + -34). Suppose 2*s - z = 3*d + w*d, s = 3*d + 317. Is s prime?
False
Let o be (-18)/99 - 35/(-11). Let w be -1 + o - 18/(-6). Suppose 389 = w*r + 94. Is r a composite number?
False
Suppose -2908 = 4*k + 3*p, -3*p + 2050 = -2*k + 596. Let h = k + 1046. Is h composite?
True
Let h(j) = -10383*j + 217. Is h(-6) a prime number?
False
Is 4/10 + 5 + (-43734)/(-15) composite?
True
Suppose -239 = -3*u + 2*o + 239, 4*u + o - 619 = 0. Suppose 2*d - 1588 = 3*w + u, -4*d - 2352 = 4*w. Let a = -295 - w. Is a a prime number?
False
Suppose -307595 = -3*x - w, 0 = 10*x - 6*x - 5*w - 410152. Is x a composite number?
False
Suppose -k = -3*c + 26085, 3*k = 4*c + 7*k - 34796. Suppose 2*i = -6*i + c. Is i prime?
True
Suppose 3*z - 199 - 752 = -3*b, 0 = -2*b + 4*z + 634. Let o = -168 + b. Is o a composite number?
False
Let n be ((-12)/10)/((-9)/(-30)). Let o be n/18 - 748/36. Let z = 190 - o. Is z prime?
True
Is 6 + (-191436)/(-15 + 3) prime?
True
Let u be ((-2)/(-2))/(4/400). Suppose 2*g - 4*n - u = -2*n, g + 4*n - 55 = 0. Is g composite?
True
Let u(x) = -23*x - 47*x**2 + 118*x**2 - 60*x**2 - 13. Is u(-12) prime?
True
Suppose 6*z = 4*z + 316. Let o = z + 551. Is o a composite number?
False
Let t(p) = -p**2 - 16*p - 7. Let k(c) = 2*c**2 + 31*c + 15. Let w(o) = -4*k(o) - 7*t(o). Let u be w(-10). Suppose 295 = u*g - 4*g. Is g a prime number?
True
Let o = 34 - 40. Is (o/12)/(2/(-204)) a prime number?
False
Let q be 9090/18 + -3 + 1 + 0. Suppose 8*r = 9*r - q. Is r composite?
False
Let f = -267 + 168. Let a = f + 1280. Is a a composite number?
False
Suppose -27622 = -47*z + 33*